posite number?
True
Let d(m) = m**3 - 8*m**2 - 8*m + 22. Let r be d(7). Let a = r - -93. Suppose -5*n + 3260 = 5*b, -7*n - 646 = -b - a*n. Is b composite?
True
Suppose -24*b = -27*b + 33042. Suppose -b = -39*t + 37*t. Is t a prime number?
True
Suppose 46*d = -4*h + 41*d + 364747, -2*h - 5*d = -182361. Is h composite?
False
Let b(g) = 14*g**2 + 12*g + 0*g**2 + 39*g**2 + 13 + 3. Is b(-9) composite?
False
Let u = 308 - 133. Suppose 181*i - u*i - 14346 = 0. Is i composite?
True
Let u = 256 + -220. Suppose -30*q - 1506 = -u*q. Is q prime?
True
Let x = 91 - 11726. Let a = -6324 - x. Is a composite?
True
Let m = 1633 + -344. Let a = -368 + m. Is a prime?
False
Is (-78)/(-91)*-7 + 293989 a prime number?
True
Is (-17)/(136/(-128200)) - 4 a prime number?
False
Suppose -69 = -4*k - 1. Let a(m) = -5*m**3 - 21*m**2 - 23*m + 48. Let v(h) = -6*h**3 - 22*h**2 - 24*h + 49. Let l(c) = 7*a(c) - 6*v(c). Is l(k) composite?
False
Is 25/(-350) + ((-13754329)/(-14) - -1) a composite number?
False
Suppose -122*k + 120*k = -15234. Suppose -5*d = -k - 35198. Is d a prime number?
True
Let b(v) = 10561*v - 159. Let m be b(-3). Let f = -21449 - m. Is f prime?
False
Let k be 1*4/12*7407. Let u = k + -528. Is u composite?
True
Is (-11238885)/(-98) + -5*(-1)/10 a prime number?
False
Let b(q) = 2*q**3 - 31*q**2 - 17*q - 291. Is b(25) prime?
True
Suppose -4*f + 15 = 5*m, -2*f = f - 3*m + 9. Is 11511 + f*2/(-10) + -2 composite?
True
Let s be (-8)/(-20) - 6/15. Suppose 4*i = -s*i + 64. Suppose 12*y = i*y - 44. Is y a prime number?
True
Let m = 157 + -152. Suppose -11003 = -4*h - 3*k, h + 4*h = m*k + 13710. Is h a composite number?
True
Suppose -27187 = -4*j + 14985. Is j prime?
False
Let v(r) = -293*r - 127. Let s = -91 + 79. Is v(s) composite?
False
Let n = 142 - 146. Let l(j) = -j**3 - 2*j - 2 + 0*j**3 - j**2 + 1. Is l(n) composite?
True
Let a(j) be the first derivative of -135*j**4/4 - j**3/3 + 3*j**2 + 13*j + 123. Is a(-2) a prime number?
False
Let x = -115 - -115. Suppose -g + 4*h + 617 = x, -2*g - 2*g = 5*h - 2447. Is g prime?
True
Let d = 35660 + 26973. Is d a composite number?
False
Is ((-2)/6)/(717310/717321 + -1) a prime number?
True
Suppose -j + 3*j - 13850 = 2*c, -3*j + 4*c = -20770. Suppose j = 4*s - 7286. Is s a prime number?
False
Suppose 5*w = -3*l + 7096 + 144, -4344 = -3*w + 4*l. Let c = w + -692. Let v = c + -77. Is v a composite number?
True
Let o(b) be the first derivative of -55*b**2/2 + 40*b + 49. Let x be o(-23). Let t = 2347 - x. Is t composite?
True
Suppose 4*w - 4*k = 182176, 2*k + 654 - 660 = 0. Is w prime?
False
Let l be -5 - (-11 + -10 + 6). Suppose 7*a = 1392 + 3277. Suppose 0 = -k - o + a, -o = -l*k + 6*k + 2678. Is k a prime number?
False
Suppose 0 = 2*k + 19*a - 17*a - 2598102, -2*k + 2598100 = a. Is k prime?
False
Is ((-16)/256*-16)/(-2*(-2)/321508) a prime number?
False
Suppose -3*k + 8*k = 75. Let z = -210 + 1034. Let f = z - k. Is f a prime number?
True
Let c(w) = w**3 + 6*w**2 - 6*w - 5. Let z be c(-7). Let a = -12 - z. Is 317*((a - -1) + 0) prime?
True
Let x be (-7)/(-5) + 1755/(-325). Is ((-20)/(-35))/(x/(-200774)) a prime number?
False
Suppose t = -3*v + 2476, 0 = 13*t - 18*t + 5*v + 12360. Is t a prime number?
True
Suppose -14*o + 14875166 = 3*b, -6*o - b - 1062507 = -7*o. Is o prime?
True
Let s(v) = 3293*v + 81. Let m be s(-2). Let j = 9590 + m. Is j prime?
False
Suppose -78*i + 70534 = -173684. Is i prime?
False
Suppose 0 = -8*v + 2931 + 7221. Let g = v - 400. Is g a prime number?
False
Let z(c) = -416*c - 892. Let s be z(5). Let q be ((-2)/2)/((-2)/(-2834)). Let j = q - s. Is j a composite number?
True
Suppose 0 = 24*k - 26*k. Suppose -5*i - v + 19161 = 0, -5*i - 3*v + 15142 + 4011 = k. Is i composite?
False
Let f(j) = j**3 - 77*j**2 - 69*j - 299. Is f(80) prime?
True
Suppose -3*d = 3, -4*m + 12*d + 336598 = 10*d. Is m composite?
True
Let h = 5119218 - 3514819. Is h composite?
False
Suppose -3*i = -w + 47222, -3*w + 36*i = 32*i - 141641. Is w a prime number?
True
Suppose 0*i = -5*i - y + 20, -12 = -3*i - 2*y. Suppose 3*p - 107009 = 4*z - 6*z, -178363 = -5*p + i*z. Is p a prime number?
True
Let i be (-27)/5 - -3*10/75. Let s be 4 + (-17)/i + 2/(-5). Suppose 4*g + s*x = 3*x + 8992, -3*x + 11250 = 5*g. Is g prime?
False
Let p = 4455511 + -2140928. Is p a prime number?
True
Suppose -294*u = 162*u - 21*u - 555495. Is u a composite number?
False
Is 1103226/(-4)*1*(-14)/21 a composite number?
False
Let l be -10 + 7 + 2*3. Let p(j) = -38*j + 2 - 13 + j**l - 16*j**2 - 13. Is p(19) composite?
False
Suppose -28643 = -x + b, -4*x - 158*b + 114572 = -155*b. Is x a composite number?
False
Suppose -5*z + 4*d - 32 = 0, 5*z = 3*d - 10 - 24. Is 3/z - (-14422)/16 a composite number?
True
Suppose v = 5*u - 13, 0*v = u + 4*v + 10. Let j = 0 + 0. Suppose -u*g - 4*g + 498 = j. Is g a prime number?
True
Suppose 0 = -5*h + 20, 5*d + 341 - 11422 = -4*h. Let l = -1098 + d. Is l prime?
False
Let i = -288189 + 589040. Is i a prime number?
True
Let b(k) be the third derivative of -7*k**6/120 + k**5/60 + k**4/6 + k**3/6 - 11*k**2. Let o be b(-6). Let h = -636 + o. Is h composite?
True
Suppose -17*j - 27*j + 1991033 + 3356243 = 0. Is j a composite number?
True
Suppose -6 = -15*q + 54. Suppose -4*l - 2*h = -0*l - 9238, q*h = 3*l - 6923. Is l a prime number?
True
Suppose -5*t + 46 + 24 = 0. Suppose 2 + t = 4*l. Is (7 + 21)*431/l a prime number?
False
Let i = 238 + -233. Suppose -c = -12*v + 10*v + 3454, -i*c = 0. Is v a prime number?
False
Let u = 434934 + 88273. Is u composite?
False
Let z = 218459 - 145630. Is z composite?
True
Suppose -21*z = -8*z - 59969. Let u = z - -20996. Is u a composite number?
False
Suppose 0 = 22*l - 17*l - 3*i - 19, 4*i + 10 = -l. Is (((-165319)/(-28))/(-19))/(l/(-8)) a composite number?
True
Let w(r) = -36*r**2 + 26*r + 24. Let l be w(-5). Let d = 20619 + l. Is d composite?
True
Suppose -269*z = -267*z - 4*n - 1409642, 5*n = 2*z - 1409639. Is z prime?
False
Is (16 - 152/8)*(-242859)/9 prime?
True
Let p be (-9)/4*(-352)/8. Let q be 40/18 - 22/p. Suppose 3*u - q*v = u + 374, -5*v = 5*u - 915. Is u prime?
False
Suppose -h + 13368 = 140*k - 141*k, -3*k - 3 = 0. Is h a composite number?
False
Suppose 60*c - 898763 = 2017026 + 2514871. Is c prime?
True
Let j = 21099 - 12563. Let w = -5499 + j. Is w a prime number?
True
Let c = 81 + -58. Let b = -25 + c. Is (-3720)/b - (-1 + 0/(-6)) a prime number?
True
Suppose 5*p = -0*p, 3*p = i - 58. Suppose 788675 = 83*k - i*k. Is k prime?
True
Let p = -4508 - -7669. Suppose -4*g + y = -g - 3167, -3*g - 2*y = -p. Is g prime?
False
Let j(w) = 7*w**2 - 5*w + 6. Let p(x) = 6*x**2 - 5*x + 7. Let v(z) = 2*j(z) - 3*p(z). Let m(f) = 4*f**2 - 4*f + 8. Let n(g) = -2*m(g) - 3*v(g). Is n(6) prime?
True
Let r(h) = h**2 - 12*h - 4. Let d = -5 + 17. Let a be r(d). Is (1*-353)/(-2 + (-3 - a)) composite?
False
Suppose -4*y + 13 = 3*o, -y = -5*o + 3*y + 11. Suppose o*l + 99 + 13 = 5*k, -3*l - 66 = -3*k. Suppose -16*h + k*h = 6839. Is h composite?
False
Suppose 5*v + 3*f - 2121088 = 0, -5*v + 2121079 = -2*f + 6*f. Is v composite?
False
Suppose -5*b + 0*c = -c + 83762, 5*c = -b - 16742. Suppose t = -2*d - t - 22472, -4*t = -d - 11241. Let g = d - b. Is g composite?
True
Let a = -927977 + 1898604. Is a a composite number?
True
Let x(w) = 4*w**2 - w. Let k be x(1). Suppose 0 = -t + 8*t - 21. Suppose -5*s + 10*s - 4009 = t*o, k*s = -2*o + 2413. Is s a prime number?
False
Let i = -1576 + 3156. Let k be -1*2*5/(-2). Suppose i = -b + k*b. Is b a prime number?
False
Let h(j) = 46*j - 12. Let x(g) = 1. Let y(i) = h(i) + 6*x(i). Let o be y(3). Let l = o - -17. Is l a composite number?
False
Is (4271176/(-140))/(3*6/(-45)) a composite number?
True
Suppose -19*b - 247 = 19. Is 3 + 7/b*-1670 a composite number?
True
Let z(s) = s**3 + 7*s**2 + s - 27. Let p be (-88)/14 - 8/(-28). Let o be z(p). Suppose r = -5*d + 151, -2*r + o*d + 208 = -68. Is r composite?
True
Suppose -3*h = h + 12, -4*h - 198777 = -3*m. Suppose -10*q + m = 5*q. Is q a prime number?
False
Let m(q) be the second derivative of -997*q**5/20 + q**4/6 - q**3/6 - q**2/2 - 97*q. Is m(-2) a composite number?
True
Is (11/2 + -7)*-38978 + 4 a composite number?
True
Let m = 1060 + -589. Let c = m - 1334. Let f = 1930 + c. Is f prime?
False
Let u be (((-1)/1)/(5/(-10)))/1. Supp